{"id":185,"date":"2022-10-17T14:58:33","date_gmt":"2022-10-17T12:58:33","guid":{"rendered":"http:\/\/eswncnv.cluster028.hosting.ovh.net\/?page_id=185"},"modified":"2024-09-20T17:11:52","modified_gmt":"2024-09-20T15:11:52","slug":"lagence","status":"publish","type":"page","link":"https:\/\/digitalcooker.fr\/index.php\/lagence\/","title":{"rendered":"L&rsquo;agence"},"content":{"rendered":"<div id='full_slider_1'  class='avia-fullwidth-slider main_color avia-shadow   avia-builder-el-0  el_before_av_heading  avia-builder-el-first   container_wrap sidebar_right'  ><div  class='avia-slideshow av-l9shs9n7-1c77e1de02ea261548208f2321ec42b4 avia-slideshow-featured av_slideshow_full avia-slide-slider av-slideshow-ui av-control-default av-slideshow-manual av-loop-once av-loop-manual-endless av-default-height-applied   avia-slideshow-1' data-slideshow-options=\"{&quot;animation&quot;:&quot;slide&quot;,&quot;autoplay&quot;:false,&quot;loop_autoplay&quot;:&quot;once&quot;,&quot;interval&quot;:5,&quot;loop_manual&quot;:&quot;manual-endless&quot;,&quot;autoplay_stopper&quot;:false,&quot;noNavigation&quot;:false,&quot;bg_slider&quot;:false,&quot;keep_padding&quot;:false,&quot;hoverpause&quot;:false,&quot;show_slide_delay&quot;:0}\"  itemprop=\"image\" itemscope=\"itemscope\" itemtype=\"https:\/\/schema.org\/ImageObject\" ><ul class='avia-slideshow-inner ' style='padding-bottom: 28.666666666667%;'><li  class='avia-slideshow-slide av-l9shs9n7-1c77e1de02ea261548208f2321ec42b4__0  av-single-slide slide-1 slide-odd'><div data-rel='slideshow-1' class='avia-slide-wrap '   ><img decoding=\"async\" class=\"wp-image-977 avia-img-lazy-loading-not-977\"  src=\"https:\/\/digitalcooker.fr\/wp-content\/uploads\/2022\/10\/header2-2-1500x430.jpg\" width=\"1500\" height=\"430\" title='Blog digital' alt=''  itemprop=\"thumbnailUrl\"   \/><\/div><\/li><\/ul><\/div><\/div><div id='after_full_slider_1'  class='main_color av_default_container_wrap container_wrap sidebar_right'  ><div class='container av-section-cont-open' ><div class='template-page content  av-content-small alpha units'><div class='post-entry post-entry-type-page post-entry-185'><div class='entry-content-wrapper clearfix'>\n\n<style type=\"text\/css\" data-created_by=\"avia_inline_auto\" id=\"style-css-av-1aji1l-0e5e4fa111f2bcc02cb5872458586af9\">\n#top .av-special-heading.av-1aji1l-0e5e4fa111f2bcc02cb5872458586af9{\npadding-bottom:10px;\ncolor:#b02b2c;\n}\nbody .av-special-heading.av-1aji1l-0e5e4fa111f2bcc02cb5872458586af9 .av-special-heading-tag .heading-char{\nfont-size:25px;\n}\n.av-special-heading.av-1aji1l-0e5e4fa111f2bcc02cb5872458586af9 .special-heading-inner-border{\nborder-color:#b02b2c;\n}\n.av-special-heading.av-1aji1l-0e5e4fa111f2bcc02cb5872458586af9 .av-subheading{\nfont-size:15px;\ncolor:#a5a5a5;\n}\n<\/style>\n<div  class='av-special-heading av-1aji1l-0e5e4fa111f2bcc02cb5872458586af9 av-special-heading-h2 custom-color-heading blockquote modern-quote modern-centered  avia-builder-el-1  el_after_av_slideshow_full  el_before_av_hr  avia-builder-el-first '><h2 class='av-special-heading-tag'  itemprop=\"headline\"  >L\u2019AGENCE<\/h2><div class='av_custom_color av-subheading av-subheading_below'><p>A PROPOS<\/p>\n<\/div><div class=\"special-heading-border\"><div class=\"special-heading-inner-border\"><\/div><\/div><\/div>\n\n<style type=\"text\/css\" data-created_by=\"avia_inline_auto\" id=\"style-css-av-11g3s1-fa086a1ea59b26e7d9c0e8161c7f692e\">\n#top .hr.hr-invisible.av-11g3s1-fa086a1ea59b26e7d9c0e8161c7f692e{\nheight:20px;\n}\n<\/style>\n<div  class='hr av-11g3s1-fa086a1ea59b26e7d9c0e8161c7f692e hr-invisible  avia-builder-el-2  el_after_av_heading  el_before_av_three_fifth '><span class='hr-inner '><span class=\"hr-inner-style\"><\/span><\/span><\/div>\n<div class='flex_column av-xh569-f1e583f76f19329944220c52f8c05e8b av_three_fifth  avia-builder-el-3  el_after_av_hr  el_before_av_two_fifth  first flex_column_div '     ><section  class='av_textblock_section av-t9kdt-b57fdc150b4116411e3f06ca5fdf0fbc'  itemscope=\"itemscope\" itemtype=\"https:\/\/schema.org\/CreativeWork\" ><div class='avia_textblock'  itemprop=\"text\" ><h1>Plus qu&rsquo;une agence,<\/h1>\n<p>nous nous positionnons en v\u00e9ritable partenaire de nos clients.<\/p>\n<p>Digital Cooker est une BU de NUMBER NINE GROUP.<\/p>\n<p>Pour offrir \u00e0 nos clients de nouvelles exp\u00e9riences digitales, NUMBER NINE GROUP d\u00e9veloppe des expertises compl\u00e9mentaires :<\/p>\n<p><strong>Digital Cooker<\/strong> : l&rsquo;agence de d\u00e9veloppement d&rsquo;applications<\/p>\n<p><strong>Dynamic View<\/strong> : int\u00e9grateur de solutions digitales<\/p>\n<p><strong>Bouncy<\/strong> : studio de production vid\u00e9o<\/p>\n<p>Aujourd&rsquo;hui, notre groupe s&rsquo;appuie sur chacune d&rsquo;elles pour vous apporter une r\u00e9ponse globale \u00e0 la hauteur de vos enjeux digitaux.<\/p>\n<\/div><\/section><\/div>\n<div class='flex_column av-1mcg9-e42afdff33e6495e19e1d931015c1565 av_two_fifth  avia-builder-el-5  el_after_av_three_fifth  el_before_av_heading  flex_column_div '     ><style type=\"text\/css\" data-created_by=\"avia_inline_auto\" id=\"style-css-av-la6mtwwv-e9c6f7e78697c3baec6ee656a714521d\">\n.avia-image-container.av-la6mtwwv-e9c6f7e78697c3baec6ee656a714521d img.avia_image{\nbox-shadow:none;\n}\n.avia-image-container.av-la6mtwwv-e9c6f7e78697c3baec6ee656a714521d .av-image-caption-overlay-center{\ncolor:#ffffff;\n}\n<\/style>\n<div  class='avia-image-container av-la6mtwwv-e9c6f7e78697c3baec6ee656a714521d av-styling- avia-align-center  avia-builder-el-6  avia-builder-el-no-sibling '   itemprop=\"image\" itemscope=\"itemscope\" itemtype=\"https:\/\/schema.org\/ImageObject\" ><div class=\"avia-image-container-inner\"><div class=\"avia-image-overlay-wrap\"><img decoding=\"async\" class='wp-image-752 avia-img-lazy-loading-not-752 avia_image ' src=\"https:\/\/digitalcooker.fr\/wp-content\/uploads\/2022\/10\/Agence1.jpg\" alt='' title='Agence1'  height=\"480\" width=\"1030\"  itemprop=\"thumbnailUrl\" srcset=\"https:\/\/digitalcooker.fr\/wp-content\/uploads\/2022\/10\/Agence1.jpg 1030w, https:\/\/digitalcooker.fr\/wp-content\/uploads\/2022\/10\/Agence1-300x140.jpg 300w, https:\/\/digitalcooker.fr\/wp-content\/uploads\/2022\/10\/Agence1-768x358.jpg 768w, https:\/\/digitalcooker.fr\/wp-content\/uploads\/2022\/10\/Agence1-705x329.jpg 705w\" sizes=\"(max-width: 1030px) 100vw, 1030px\" \/><\/div><\/div><\/div><\/div>\n\n<style type=\"text\/css\" data-created_by=\"avia_inline_auto\" id=\"style-css-av-l9r5dhd4-67223d67b2f03bbcbfe202ae42ee771b\">\n#top .av-special-heading.av-l9r5dhd4-67223d67b2f03bbcbfe202ae42ee771b{\nmargin:40px 0 0 0;\npadding-bottom:10px;\ncolor:#b02b2c;\n}\nbody .av-special-heading.av-l9r5dhd4-67223d67b2f03bbcbfe202ae42ee771b .av-special-heading-tag .heading-char{\nfont-size:25px;\n}\n#top #wrap_all .av-special-heading.av-l9r5dhd4-67223d67b2f03bbcbfe202ae42ee771b .av-special-heading-tag{\npadding:40px 0 0 0;\n}\n.av-special-heading.av-l9r5dhd4-67223d67b2f03bbcbfe202ae42ee771b .special-heading-inner-border{\nborder-color:#b02b2c;\n}\n.av-special-heading.av-l9r5dhd4-67223d67b2f03bbcbfe202ae42ee771b .av-subheading{\nfont-size:15px;\n}\n<\/style>\n<div  class='av-special-heading av-l9r5dhd4-67223d67b2f03bbcbfe202ae42ee771b av-special-heading-h2 custom-color-heading blockquote modern-quote modern-centered  avia-builder-el-7  el_after_av_two_fifth  el_before_av_textblock '><h2 class='av-special-heading-tag'  itemprop=\"headline\"  >L\u2019\u00c9QUIPE<\/h2><div class=\"special-heading-border\"><div class=\"special-heading-inner-border\"><\/div><\/div><\/div>\n<section  class='av_textblock_section av-l9r5e7yp-d72d846a7af76fdd20473fb11391b46e'  itemscope=\"itemscope\" itemtype=\"https:\/\/schema.org\/CreativeWork\" ><div class='avia_textblock'  itemprop=\"text\" ><p style=\"text-align: center;\">L\u2019\u00e9quipe, <b>compos\u00e9e de talents d\u2019univers vari\u00e9s<\/b>, est passionn\u00e9e par le digital et exprime toute sa cr\u00e9ativit\u00e9 pour vous offrir des projets digitaux innovants et personnalis\u00e9s.<span class=\"Apple-converted-space\">\u00a0\u00a0<\/span><\/p>\n<p style=\"text-align: center;\">Au sein de Digital Cooker, chacun exprime ses id\u00e9es &#038; comp\u00e9tences dans le but commun de cr\u00e9er une <b>\u00e9mulsion cr\u00e9ative et de donner vie \u00e0 vos projets<\/b>.<span class=\"Apple-converted-space\">\u00a0<\/span><\/p>\n<\/div><\/section>\n<div  class='avia-button-wrap av-29wg1-b5fa11c5c830f56979172a48f6c1844e-wrap avia-button-center  avia-builder-el-9  el_after_av_textblock  el_before_av_image_hotspot  avia-builder-el-last ' ><a href='https:\/\/digitalcooker.fr\/index.php\/contact\/'  class='avia-button av-29wg1-b5fa11c5c830f56979172a48f6c1844e avia-icon_select-yes-left-icon avia-size-small avia-position-center av-icon-on-hover avia-color-theme-color' ><span class='avia_button_icon avia_button_icon_left' aria-hidden='true' data-av_icon='\ue83c' data-av_iconfont='entypo-fontello'><\/span><span class='avia_iconbox_title' >Envie d\u2019en savoir plus ? <\/span><\/a><\/div>\n<div  class='av-hotspot-image-container av-l9r5hnnt-15514d44736c5d9ea1fa4a611883d1d2  avia-builder-el-10  el_after_av_button  avia-builder-el-last  av-hotspot-blank av-mobile-fallback-active  av-non-fullwidth-hotspot-image'  itemprop=\"image\" itemscope=\"itemscope\" itemtype=\"https:\/\/schema.org\/ImageObject\" ><div class='av-hotspot-container'><div class='av-hotspot-container-inner-cell'><div class='av-hotspot-container-inner-wrap'><img decoding=\"async\" class='wp-image-2020 avia-img-lazy-loading-not-2020 avia_image' src=\"https:\/\/digitalcooker.fr\/wp-content\/uploads\/2024\/09\/photo-actu.png\" alt='' title='photo actu'  height=\"1930\" width=\"4642\"  itemprop=\"thumbnailUrl\" srcset=\"https:\/\/digitalcooker.fr\/wp-content\/uploads\/2024\/09\/photo-actu.png 4642w, https:\/\/digitalcooker.fr\/wp-content\/uploads\/2024\/09\/photo-actu-300x125.png 300w, https:\/\/digitalcooker.fr\/wp-content\/uploads\/2024\/09\/photo-actu-1030x428.png 1030w, https:\/\/digitalcooker.fr\/wp-content\/uploads\/2024\/09\/photo-actu-768x319.png 768w, https:\/\/digitalcooker.fr\/wp-content\/uploads\/2024\/09\/photo-actu-1536x639.png 1536w, https:\/\/digitalcooker.fr\/wp-content\/uploads\/2024\/09\/photo-actu-2048x851.png 2048w, https:\/\/digitalcooker.fr\/wp-content\/uploads\/2024\/09\/photo-actu-1500x624.png 1500w, https:\/\/digitalcooker.fr\/wp-content\/uploads\/2024\/09\/photo-actu-705x293.png 705w\" sizes=\"(max-width: 4642px) 100vw, 4642px\" \/><\/div><\/div><\/div><\/div>\n","protected":false},"excerpt":{"rendered":"","protected":false},"author":1,"featured_media":0,"parent":0,"menu_order":0,"comment_status":"closed","ping_status":"closed","template":"","meta":{"footnotes":""},"class_list":["post-185","page","type-page","status-publish","hentry"],"yoast_head":"<!-- This site is optimized with the Yoast SEO plugin v20.0 - https:\/\/yoast.com\/wordpress\/plugins\/seo\/ -->\n<title>L&#039;agence - Digital Cooker<\/title>\n<meta name=\"robots\" content=\"index, follow, max-snippet:-1, max-image-preview:large, max-video-preview:-1\" \/>\n<link rel=\"canonical\" href=\"https:\/\/digitalcooker.fr\/index.php\/lagence\/\" \/>\n<meta property=\"og:locale\" content=\"fr_FR\" \/>\n<meta property=\"og:type\" content=\"article\" \/>\n<meta property=\"og:title\" content=\"L&#039;agence - Digital Cooker\" \/>\n<meta property=\"og:url\" content=\"https:\/\/digitalcooker.fr\/index.php\/lagence\/\" \/>\n<meta property=\"og:site_name\" content=\"Digital Cooker\" \/>\n<meta property=\"article:publisher\" content=\"https:\/\/www.facebook.com\/DigitalCooker\/\" \/>\n<meta property=\"article:modified_time\" content=\"2024-09-20T15:11:52+00:00\" \/>\n<meta name=\"twitter:card\" content=\"summary_large_image\" \/>\n<meta name=\"twitter:label1\" content=\"Dur\u00e9e de lecture estim\u00e9e\" \/>\n\t<meta name=\"twitter:data1\" content=\"5 minutes\" \/>\n<script type=\"application\/ld+json\" class=\"yoast-schema-graph\">{\"@context\":\"https:\/\/schema.org\",\"@graph\":[{\"@type\":\"WebPage\",\"@id\":\"https:\/\/digitalcooker.fr\/index.php\/lagence\/\",\"url\":\"https:\/\/digitalcooker.fr\/index.php\/lagence\/\",\"name\":\"L'agence - Digital Cooker\",\"isPartOf\":{\"@id\":\"https:\/\/digitalcooker.fr\/#website\"},\"datePublished\":\"2022-10-17T12:58:33+00:00\",\"dateModified\":\"2024-09-20T15:11:52+00:00\",\"breadcrumb\":{\"@id\":\"https:\/\/digitalcooker.fr\/index.php\/lagence\/#breadcrumb\"},\"inLanguage\":\"fr-FR\",\"potentialAction\":[{\"@type\":\"ReadAction\",\"target\":[\"https:\/\/digitalcooker.fr\/index.php\/lagence\/\"]}]},{\"@type\":\"BreadcrumbList\",\"@id\":\"https:\/\/digitalcooker.fr\/index.php\/lagence\/#breadcrumb\",\"itemListElement\":[{\"@type\":\"ListItem\",\"position\":1,\"name\":\"Accueil\",\"item\":\"https:\/\/digitalcooker.fr\/index.php\/accueil\/\"},{\"@type\":\"ListItem\",\"position\":2,\"name\":\"L&rsquo;agence\"}]},{\"@type\":\"WebSite\",\"@id\":\"https:\/\/digitalcooker.fr\/#website\",\"url\":\"https:\/\/digitalcooker.fr\/\",\"name\":\"Digital Cooker\",\"description\":\"Agence sp\u00e9cialis\u00e9e dans la conception et le d\u00e9veloppement d&#039;applications tactiles, mobiles\",\"publisher\":{\"@id\":\"https:\/\/digitalcooker.fr\/#organization\"},\"potentialAction\":[{\"@type\":\"SearchAction\",\"target\":{\"@type\":\"EntryPoint\",\"urlTemplate\":\"https:\/\/digitalcooker.fr\/?s={search_term_string}\"},\"query-input\":\"required name=search_term_string\"}],\"inLanguage\":\"fr-FR\"},{\"@type\":\"Organization\",\"@id\":\"https:\/\/digitalcooker.fr\/#organization\",\"name\":\"Digital Cooker\",\"url\":\"https:\/\/digitalcooker.fr\/\",\"logo\":{\"@type\":\"ImageObject\",\"inLanguage\":\"fr-FR\",\"@id\":\"https:\/\/digitalcooker.fr\/#\/schema\/logo\/image\/\",\"url\":\"http:\/\/eswncnv.cluster028.hosting.ovh.net\/wp-content\/uploads\/2022\/10\/logo_only-1-300x194-1.png\",\"contentUrl\":\"http:\/\/eswncnv.cluster028.hosting.ovh.net\/wp-content\/uploads\/2022\/10\/logo_only-1-300x194-1.png\",\"width\":300,\"height\":194,\"caption\":\"Digital Cooker\"},\"image\":{\"@id\":\"https:\/\/digitalcooker.fr\/#\/schema\/logo\/image\/\"},\"sameAs\":[\"https:\/\/www.linkedin.com\/company\/dynamic-view\",\"https:\/\/www.facebook.com\/DigitalCooker\/\"]}]}<\/script>\n<!-- \/ Yoast SEO plugin. -->","yoast_head_json":{"title":"L'agence - Digital Cooker","robots":{"index":"index","follow":"follow","max-snippet":"max-snippet:-1","max-image-preview":"max-image-preview:large","max-video-preview":"max-video-preview:-1"},"canonical":"https:\/\/digitalcooker.fr\/index.php\/lagence\/","og_locale":"fr_FR","og_type":"article","og_title":"L'agence - Digital Cooker","og_url":"https:\/\/digitalcooker.fr\/index.php\/lagence\/","og_site_name":"Digital Cooker","article_publisher":"https:\/\/www.facebook.com\/DigitalCooker\/","article_modified_time":"2024-09-20T15:11:52+00:00","twitter_card":"summary_large_image","twitter_misc":{"Dur\u00e9e de lecture estim\u00e9e":"5 minutes"},"schema":{"@context":"https:\/\/schema.org","@graph":[{"@type":"WebPage","@id":"https:\/\/digitalcooker.fr\/index.php\/lagence\/","url":"https:\/\/digitalcooker.fr\/index.php\/lagence\/","name":"L'agence - Digital Cooker","isPartOf":{"@id":"https:\/\/digitalcooker.fr\/#website"},"datePublished":"2022-10-17T12:58:33+00:00","dateModified":"2024-09-20T15:11:52+00:00","breadcrumb":{"@id":"https:\/\/digitalcooker.fr\/index.php\/lagence\/#breadcrumb"},"inLanguage":"fr-FR","potentialAction":[{"@type":"ReadAction","target":["https:\/\/digitalcooker.fr\/index.php\/lagence\/"]}]},{"@type":"BreadcrumbList","@id":"https:\/\/digitalcooker.fr\/index.php\/lagence\/#breadcrumb","itemListElement":[{"@type":"ListItem","position":1,"name":"Accueil","item":"https:\/\/digitalcooker.fr\/index.php\/accueil\/"},{"@type":"ListItem","position":2,"name":"L&rsquo;agence"}]},{"@type":"WebSite","@id":"https:\/\/digitalcooker.fr\/#website","url":"https:\/\/digitalcooker.fr\/","name":"Digital Cooker","description":"Agence sp\u00e9cialis\u00e9e dans la conception et le d\u00e9veloppement d&#039;applications tactiles, mobiles","publisher":{"@id":"https:\/\/digitalcooker.fr\/#organization"},"potentialAction":[{"@type":"SearchAction","target":{"@type":"EntryPoint","urlTemplate":"https:\/\/digitalcooker.fr\/?s={search_term_string}"},"query-input":"required name=search_term_string"}],"inLanguage":"fr-FR"},{"@type":"Organization","@id":"https:\/\/digitalcooker.fr\/#organization","name":"Digital Cooker","url":"https:\/\/digitalcooker.fr\/","logo":{"@type":"ImageObject","inLanguage":"fr-FR","@id":"https:\/\/digitalcooker.fr\/#\/schema\/logo\/image\/","url":"http:\/\/eswncnv.cluster028.hosting.ovh.net\/wp-content\/uploads\/2022\/10\/logo_only-1-300x194-1.png","contentUrl":"http:\/\/eswncnv.cluster028.hosting.ovh.net\/wp-content\/uploads\/2022\/10\/logo_only-1-300x194-1.png","width":300,"height":194,"caption":"Digital Cooker"},"image":{"@id":"https:\/\/digitalcooker.fr\/#\/schema\/logo\/image\/"},"sameAs":["https:\/\/www.linkedin.com\/company\/dynamic-view","https:\/\/www.facebook.com\/DigitalCooker\/"]}]}},"_links":{"self":[{"href":"https:\/\/digitalcooker.fr\/index.php\/wp-json\/wp\/v2\/pages\/185","targetHints":{"allow":["GET"]}}],"collection":[{"href":"https:\/\/digitalcooker.fr\/index.php\/wp-json\/wp\/v2\/pages"}],"about":[{"href":"https:\/\/digitalcooker.fr\/index.php\/wp-json\/wp\/v2\/types\/page"}],"author":[{"embeddable":true,"href":"https:\/\/digitalcooker.fr\/index.php\/wp-json\/wp\/v2\/users\/1"}],"replies":[{"embeddable":true,"href":"https:\/\/digitalcooker.fr\/index.php\/wp-json\/wp\/v2\/comments?post=185"}],"version-history":[{"count":44,"href":"https:\/\/digitalcooker.fr\/index.php\/wp-json\/wp\/v2\/pages\/185\/revisions"}],"predecessor-version":[{"id":2021,"href":"https:\/\/digitalcooker.fr\/index.php\/wp-json\/wp\/v2\/pages\/185\/revisions\/2021"}],"wp:attachment":[{"href":"https:\/\/digitalcooker.fr\/index.php\/wp-json\/wp\/v2\/media?parent=185"}],"curies":[{"name":"wp","href":"https:\/\/api.w.org\/{rel}","templated":true}]}}