{"id":143,"date":"2022-10-14T16:17:40","date_gmt":"2022-10-14T14:17:40","guid":{"rendered":"http:\/\/eswncnv.cluster028.hosting.ovh.net\/?page_id=143"},"modified":"2022-11-02T11:13:38","modified_gmt":"2022-11-02T10:13:38","slug":"mentions-legales","status":"publish","type":"page","link":"https:\/\/digitalcooker.fr\/index.php\/mentions-legales\/","title":{"rendered":"Mentions l\u00e9gales"},"content":{"rendered":"<div id='full_slider_1'  class='avia-fullwidth-slider main_color avia-shadow   avia-builder-el-0  el_before_av_one_fifth  avia-builder-el-first   container_wrap sidebar_right'  >\n<style type=\"text\/css\" data-created_by=\"avia_inline_auto\" id=\"style-css-av-l9wobx3a-69c86452065061475be7e4be8b13a87b\">\n#top #wrap_all .avia-slideshow .av-slideshow-caption.av-l9wobx3a-69c86452065061475be7e4be8b13a87b__0 .avia-caption-title{\nfont-size:75px;\n}\n#top .avia-slideshow .av-slideshow-caption.av-l9wobx3a-69c86452065061475be7e4be8b13a87b__0 .avia-caption-content{\nfont-size:26px;\n}\n#top .avia-slideshow .av-slideshow-caption.av-l9wobx3a-69c86452065061475be7e4be8b13a87b__0 .avia-caption-content p{\nfont-size:26px;\n}\n<\/style>\n<div  class='avia-slideshow av-l9wobx3a-69c86452065061475be7e4be8b13a87b avia-slideshow-featured av_slideshow_full avia-slide-slider av-slideshow-ui av-control-default av-slideshow-manual av-loop-once av-loop-manual-endless av-default-height-applied   avia-slideshow-1' data-slideshow-options=\"{&quot;animation&quot;:&quot;slide&quot;,&quot;autoplay&quot;:false,&quot;loop_autoplay&quot;:&quot;once&quot;,&quot;interval&quot;:5,&quot;loop_manual&quot;:&quot;manual-endless&quot;,&quot;autoplay_stopper&quot;:false,&quot;noNavigation&quot;:false,&quot;bg_slider&quot;:false,&quot;keep_padding&quot;:false,&quot;hoverpause&quot;:false,&quot;show_slide_delay&quot;:0}\"  itemprop=\"image\" itemscope=\"itemscope\" itemtype=\"https:\/\/schema.org\/ImageObject\" ><ul class='avia-slideshow-inner ' style='padding-bottom: 28.666666666667%;'><li  class='avia-slideshow-slide av-l9wobx3a-69c86452065061475be7e4be8b13a87b__0  av-single-slide slide-1 slide-odd'><div data-rel='slideshow-1' class='avia-slide-wrap '   ><div class='av-slideshow-caption av-l9wobx3a-69c86452065061475be7e4be8b13a87b__0 caption_fullwidth caption_center'><div class=\"container caption_container\"><div class=\"slideshow_caption\"><div class=\"slideshow_inner_caption\"><div class=\"slideshow_align_caption\"><h2 class='avia-caption-title '  itemprop=\"name\" >Mentions<\/h2><div class='avia-caption-content '  itemprop=\"description\" ><p>l\u00e9gales<\/p>\n<\/div><\/div><\/div><\/div><\/div><\/div><img decoding=\"async\" class=\"wp-image-1029 avia-img-lazy-loading-not-1029\"  src=\"https:\/\/digitalcooker.fr\/wp-content\/uploads\/2022\/10\/Confidence-1500x430.jpg\" width=\"1500\" height=\"430\" title='Confidence' alt=''  itemprop=\"thumbnailUrl\"   \/><div class='av-section-color-overlay' style='opacity: 0.5; background-color: #b02b2c; '><\/div><\/div><\/li><\/ul><\/div><\/div><div id='after_full_slider_1'  class='main_color av_default_container_wrap container_wrap sidebar_right'  ><div class='container av-section-cont-open' ><div class='template-page content  av-content-small alpha units'><div class='post-entry post-entry-type-page post-entry-143'><div class='entry-content-wrapper clearfix'>\n<div class='flex_column av-hc25r-22e5adaabc56cecfc4cb60f9c8cb9396 av_one_fifth  avia-builder-el-1  el_after_av_slideshow_full  el_before_av_three_fifth  avia-builder-el-first  first flex_column_div '     ><\/div>\n<div class='flex_column av-arjhz-03ef06f2b3b7d0511862f7f03f4eb90b av_three_fifth  avia-builder-el-2  el_after_av_one_fifth  el_before_av_one_fifth  flex_column_div '     ><section  class='av_textblock_section av-l98krphg-49ffd50dd0f7e85d1bec9d5ea163a46e'  itemscope=\"itemscope\" itemtype=\"https:\/\/schema.org\/CreativeWork\" ><div class='avia_textblock'  itemprop=\"text\" ><p><strong>D\u00e9nomination sociale :<\/strong> Digital Cooker<\/p>\n<p>Forme juridique de l\u2019entreprise : SARL au capital de 78 000 \u20ac<\/p>\n<p>Siret : 448661199 00076<\/p>\n<p>Si\u00e8ge social : 67, rue du Bourbonnais 69009 LYON &#8211; 04 78 89 66 56<\/p>\n<p><a href=\"mailto:info@digitalcooker.fr\">info@digitalcooker.fr<\/a><\/p>\n<p><strong><u>H\u00e9bergement du site web<\/u><\/strong><\/p>\n<p>OVH &#8211; 2 rue de Kellermann \u2013 59100 ROUBAIX<\/p>\n<p><strong><u>Cr\u00e9ation du site web<\/u><\/strong><br \/>\nDigital Cooker<\/p>\n<p><strong><u>Cr\u00e9dits photos<\/u><\/strong><\/p>\n<p>Unsplash \/ Bouncydot \/ Dynamic View<\/p>\n<p><strong><u>Copyrights et Contenus<\/u><\/strong><\/p>\n<p>Tous droits du propri\u00e9taire du contenu du site internet DIGITAL COOKER r\u00e9serv\u00e9s. Toute reproduction et toute utilisation du contenu du site autre que la consultation individuelle et priv\u00e9e sont interdites, sauf autorisation.<\/p>\n<p><strong><u>Responsabilit\u00e9<\/u><\/strong><\/p>\n<p>DIGITAL COOKER ne peut en aucun cas \u00eatre tenu responsable des dommages de quelque nature que ce soit r\u00e9sultant directement ou indirectement de l\u2019utilisation du pr\u00e9sent site.<\/p>\n<p>En compl\u00e9ment des pr\u00e9sentes mentions l\u00e9gales, vous pouvez consulter nos mentions relatives \u00e0 l\u2019utilisation des cookies en cliquant ici (lien vers la politique de cookies) ainsi que nos mentions relatives \u00e0 l\u2019utilisation des donn\u00e9es personnelles en cliquant ici. (lien vers la page confidentialit\u00e9)<\/p>\n<\/div><\/section><\/div>\n<div class='flex_column av-b50u7-d41ea5b2b80910443912baa1d080268d av_one_fifth  avia-builder-el-4  el_after_av_three_fifth  avia-builder-el-last  flex_column_div '     ><\/div>\n","protected":false},"excerpt":{"rendered":"","protected":false},"author":1,"featured_media":0,"parent":0,"menu_order":0,"comment_status":"closed","ping_status":"closed","template":"","meta":{"footnotes":""},"class_list":["post-143","page","type-page","status-publish","hentry"],"yoast_head":"<!-- This site is optimized with the Yoast SEO plugin v20.0 - https:\/\/yoast.com\/wordpress\/plugins\/seo\/ -->\n<title>Mentions l\u00e9gales - Digital Cooker<\/title>\n<meta name=\"robots\" content=\"index, follow, max-snippet:-1, max-image-preview:large, max-video-preview:-1\" \/>\n<link rel=\"canonical\" href=\"https:\/\/digitalcooker.fr\/index.php\/mentions-legales\/\" \/>\n<meta property=\"og:locale\" content=\"fr_FR\" \/>\n<meta property=\"og:type\" content=\"article\" \/>\n<meta property=\"og:title\" content=\"Mentions l\u00e9gales - Digital Cooker\" \/>\n<meta property=\"og:url\" content=\"https:\/\/digitalcooker.fr\/index.php\/mentions-legales\/\" \/>\n<meta property=\"og:site_name\" content=\"Digital Cooker\" \/>\n<meta property=\"article:publisher\" content=\"https:\/\/www.facebook.com\/DigitalCooker\/\" \/>\n<meta property=\"article:modified_time\" content=\"2022-11-02T10:13:38+00:00\" \/>\n<meta name=\"twitter:card\" content=\"summary_large_image\" \/>\n<meta name=\"twitter:label1\" content=\"Dur\u00e9e de lecture estim\u00e9e\" \/>\n\t<meta name=\"twitter:data1\" content=\"3 minutes\" \/>\n<script type=\"application\/ld+json\" class=\"yoast-schema-graph\">{\"@context\":\"https:\/\/schema.org\",\"@graph\":[{\"@type\":\"WebPage\",\"@id\":\"https:\/\/digitalcooker.fr\/index.php\/mentions-legales\/\",\"url\":\"https:\/\/digitalcooker.fr\/index.php\/mentions-legales\/\",\"name\":\"Mentions l\u00e9gales - Digital Cooker\",\"isPartOf\":{\"@id\":\"https:\/\/digitalcooker.fr\/#website\"},\"datePublished\":\"2022-10-14T14:17:40+00:00\",\"dateModified\":\"2022-11-02T10:13:38+00:00\",\"breadcrumb\":{\"@id\":\"https:\/\/digitalcooker.fr\/index.php\/mentions-legales\/#breadcrumb\"},\"inLanguage\":\"fr-FR\",\"potentialAction\":[{\"@type\":\"ReadAction\",\"target\":[\"https:\/\/digitalcooker.fr\/index.php\/mentions-legales\/\"]}]},{\"@type\":\"BreadcrumbList\",\"@id\":\"https:\/\/digitalcooker.fr\/index.php\/mentions-legales\/#breadcrumb\",\"itemListElement\":[{\"@type\":\"ListItem\",\"position\":1,\"name\":\"Accueil\",\"item\":\"https:\/\/digitalcooker.fr\/index.php\/accueil\/\"},{\"@type\":\"ListItem\",\"position\":2,\"name\":\"Mentions l\u00e9gales\"}]},{\"@type\":\"WebSite\",\"@id\":\"https:\/\/digitalcooker.fr\/#website\",\"url\":\"https:\/\/digitalcooker.fr\/\",\"name\":\"Digital Cooker\",\"description\":\"Agence sp\u00e9cialis\u00e9e dans la conception et le d\u00e9veloppement d&#039;applications tactiles, mobiles\",\"publisher\":{\"@id\":\"https:\/\/digitalcooker.fr\/#organization\"},\"potentialAction\":[{\"@type\":\"SearchAction\",\"target\":{\"@type\":\"EntryPoint\",\"urlTemplate\":\"https:\/\/digitalcooker.fr\/?s={search_term_string}\"},\"query-input\":\"required name=search_term_string\"}],\"inLanguage\":\"fr-FR\"},{\"@type\":\"Organization\",\"@id\":\"https:\/\/digitalcooker.fr\/#organization\",\"name\":\"Digital Cooker\",\"url\":\"https:\/\/digitalcooker.fr\/\",\"logo\":{\"@type\":\"ImageObject\",\"inLanguage\":\"fr-FR\",\"@id\":\"https:\/\/digitalcooker.fr\/#\/schema\/logo\/image\/\",\"url\":\"http:\/\/eswncnv.cluster028.hosting.ovh.net\/wp-content\/uploads\/2022\/10\/logo_only-1-300x194-1.png\",\"contentUrl\":\"http:\/\/eswncnv.cluster028.hosting.ovh.net\/wp-content\/uploads\/2022\/10\/logo_only-1-300x194-1.png\",\"width\":300,\"height\":194,\"caption\":\"Digital Cooker\"},\"image\":{\"@id\":\"https:\/\/digitalcooker.fr\/#\/schema\/logo\/image\/\"},\"sameAs\":[\"https:\/\/www.linkedin.com\/company\/dynamic-view\",\"https:\/\/www.facebook.com\/DigitalCooker\/\"]}]}<\/script>\n<!-- \/ Yoast SEO plugin. -->","yoast_head_json":{"title":"Mentions l\u00e9gales - Digital Cooker","robots":{"index":"index","follow":"follow","max-snippet":"max-snippet:-1","max-image-preview":"max-image-preview:large","max-video-preview":"max-video-preview:-1"},"canonical":"https:\/\/digitalcooker.fr\/index.php\/mentions-legales\/","og_locale":"fr_FR","og_type":"article","og_title":"Mentions l\u00e9gales - Digital Cooker","og_url":"https:\/\/digitalcooker.fr\/index.php\/mentions-legales\/","og_site_name":"Digital Cooker","article_publisher":"https:\/\/www.facebook.com\/DigitalCooker\/","article_modified_time":"2022-11-02T10:13:38+00:00","twitter_card":"summary_large_image","twitter_misc":{"Dur\u00e9e de lecture estim\u00e9e":"3 minutes"},"schema":{"@context":"https:\/\/schema.org","@graph":[{"@type":"WebPage","@id":"https:\/\/digitalcooker.fr\/index.php\/mentions-legales\/","url":"https:\/\/digitalcooker.fr\/index.php\/mentions-legales\/","name":"Mentions l\u00e9gales - Digital Cooker","isPartOf":{"@id":"https:\/\/digitalcooker.fr\/#website"},"datePublished":"2022-10-14T14:17:40+00:00","dateModified":"2022-11-02T10:13:38+00:00","breadcrumb":{"@id":"https:\/\/digitalcooker.fr\/index.php\/mentions-legales\/#breadcrumb"},"inLanguage":"fr-FR","potentialAction":[{"@type":"ReadAction","target":["https:\/\/digitalcooker.fr\/index.php\/mentions-legales\/"]}]},{"@type":"BreadcrumbList","@id":"https:\/\/digitalcooker.fr\/index.php\/mentions-legales\/#breadcrumb","itemListElement":[{"@type":"ListItem","position":1,"name":"Accueil","item":"https:\/\/digitalcooker.fr\/index.php\/accueil\/"},{"@type":"ListItem","position":2,"name":"Mentions l\u00e9gales"}]},{"@type":"WebSite","@id":"https:\/\/digitalcooker.fr\/#website","url":"https:\/\/digitalcooker.fr\/","name":"Digital Cooker","description":"Agence sp\u00e9cialis\u00e9e dans la conception et le d\u00e9veloppement d&#039;applications tactiles, mobiles","publisher":{"@id":"https:\/\/digitalcooker.fr\/#organization"},"potentialAction":[{"@type":"SearchAction","target":{"@type":"EntryPoint","urlTemplate":"https:\/\/digitalcooker.fr\/?s={search_term_string}"},"query-input":"required name=search_term_string"}],"inLanguage":"fr-FR"},{"@type":"Organization","@id":"https:\/\/digitalcooker.fr\/#organization","name":"Digital Cooker","url":"https:\/\/digitalcooker.fr\/","logo":{"@type":"ImageObject","inLanguage":"fr-FR","@id":"https:\/\/digitalcooker.fr\/#\/schema\/logo\/image\/","url":"http:\/\/eswncnv.cluster028.hosting.ovh.net\/wp-content\/uploads\/2022\/10\/logo_only-1-300x194-1.png","contentUrl":"http:\/\/eswncnv.cluster028.hosting.ovh.net\/wp-content\/uploads\/2022\/10\/logo_only-1-300x194-1.png","width":300,"height":194,"caption":"Digital Cooker"},"image":{"@id":"https:\/\/digitalcooker.fr\/#\/schema\/logo\/image\/"},"sameAs":["https:\/\/www.linkedin.com\/company\/dynamic-view","https:\/\/www.facebook.com\/DigitalCooker\/"]}]}},"_links":{"self":[{"href":"https:\/\/digitalcooker.fr\/index.php\/wp-json\/wp\/v2\/pages\/143","targetHints":{"allow":["GET"]}}],"collection":[{"href":"https:\/\/digitalcooker.fr\/index.php\/wp-json\/wp\/v2\/pages"}],"about":[{"href":"https:\/\/digitalcooker.fr\/index.php\/wp-json\/wp\/v2\/types\/page"}],"author":[{"embeddable":true,"href":"https:\/\/digitalcooker.fr\/index.php\/wp-json\/wp\/v2\/users\/1"}],"replies":[{"embeddable":true,"href":"https:\/\/digitalcooker.fr\/index.php\/wp-json\/wp\/v2\/comments?post=143"}],"version-history":[{"count":9,"href":"https:\/\/digitalcooker.fr\/index.php\/wp-json\/wp\/v2\/pages\/143\/revisions"}],"predecessor-version":[{"id":1093,"href":"https:\/\/digitalcooker.fr\/index.php\/wp-json\/wp\/v2\/pages\/143\/revisions\/1093"}],"wp:attachment":[{"href":"https:\/\/digitalcooker.fr\/index.php\/wp-json\/wp\/v2\/media?parent=143"}],"curies":[{"name":"wp","href":"https:\/\/api.w.org\/{rel}","templated":true}]}}